 255, -407 = -2*a + u*o. Is a a composite number?
True
Suppose -106297 = 6*s - 7*s + 3*m, -3*s = -2*m - 318919. Is s prime?
False
Suppose t = -4*t + 25. Suppose -g - t*q + 11030 = 4*g, -3*g = -5*q - 6594. Is g prime?
True
Suppose l = -6*l - 51744. Is l/(-35) - ((-9)/5 - -2) composite?
False
Let i be (-6)/9 - 3/9. Let j(w) = w**3 - w. Let f be j(i). Suppose f*t - 43 = -3*h + 5*t, t - 4 = 0. Is h a prime number?
False
Suppose -2*v + 44 = 5*w, 3*v = -6 - 3. Let b = w + 101. Suppose i + b = 4*i. Is i composite?
False
Let l = 21929 - 12946. Is l a composite number?
True
Let j(w) = 5*w**2. Let r be j(-1). Suppose t - r*t = -d + 41, 2*d - 5*t - 79 = 0. Is d a prime number?
True
Let x = -299 + 512. Is x a prime number?
False
Let z = 49 - 47. Suppose 22 + 35 = 2*u - m, z*u = 2*m + 52. Is u a composite number?
False
Let l = 3455 + -1800. Is l composite?
True
Suppose 7295 = 5*j + 2*i, -3*i = 2*j + 2*i - 2897. Is 1*(j - -2 - -2) prime?
False
Let h = 356 + -63. Is h a composite number?
False
Suppose -4*p + 0*p - 2479 = -5*s, -519 = -s - 5*p. Is s a composite number?
False
Suppose -584 = 3*o - 53. Let b = o - -556. Is b prime?
True
Let g(s) = s**2 + 2*s - 3. Let y be g(-4). Suppose 0 = y*f - 7*f + 246. Is f a composite number?
True
Suppose -3*p + 6019 = -3*u - 13013, 5*u = 15. Is p composite?
True
Let g = 2051 + -1005. Is g prime?
False
Let m = 3 - -1. Let k = -7 + m. Is 1/(-3)*k*211 a prime number?
True
Suppose -s - 4 = -6. Let z = 717 - 712. Suppose -s*h = 10, -l - 124 = -z*h - 700. Is l composite?
True
Suppose 0 = 6*k - 504 - 150. Is k prime?
True
Let p = 104114 - 2269. Is p a prime number?
False
Let q = 994 - 663. Is q prime?
True
Suppose 0 = 11*b + 11440 - 43197. Is b a composite number?
False
Is ((-310850)/(-100))/(2/44) prime?
False
Let i = 577 - -2202. Is i composite?
True
Suppose 2*i + a + 2 = 18, -34 = -3*i - 4*a. Suppose 166 + 44 = i*f. Is f a prime number?
False
Suppose 5*o - 10 = -2*c, -4*o + c = -c - 26. Is 8918/2 - (2/1 - o) a prime number?
False
Let h = 494 - 112. Suppose -91*w + 93*w - h = 0. Is w a prime number?
True
Suppose -3*c - 2*c = -11855. Is c composite?
False
Suppose 26*f - 32 = 18*f. Let s(b) = b + 5. Let v be s(0). Suppose -f*g + v*g = 209. Is g a prime number?
False
Let q(x) = -12 + 3*x - 1 + 0*x - 5*x + 5*x**2. Suppose 0 = 3*b - 6*b + 4*g - 14, g + 13 = -2*b. Is q(b) prime?
True
Let m = 45 - 32. Let q(p) = p - 3. Is q(m) prime?
False
Let b(l) = 3*l**3 + 5*l**2 + 4*l + 5. Suppose 12*k - 24 = 9*k. Is b(k) composite?
True
Let i = -13 - -17. Let o be 3 + 0/i + -3. Suppose 5*j - 119 + 14 = o. Is j a composite number?
True
Let o(a) be the first derivative of -23*a**2/2 + 12*a + 33. Let b = -2 - 3. Is o(b) a composite number?
False
Let x(l) = -5270*l - 221. Is x(-6) a prime number?
False
Let h be (-1 - (-5)/5)/(-2). Suppose -g - 6*g + 1085 = h. Is g a prime number?
False
Let b(m) = 6*m + 5. Suppose 3*s - 17 = -4*g - 0*g, -2*g + 3*s = -31. Is b(g) a prime number?
True
Suppose -i - 4*s + 408 = 0, -2*i + 1952 = 3*i - 2*s. Let n = -261 + i. Is n composite?
False
Suppose u = 2*c - 16, 0 = -0*u - 4*u + 2*c - 40. Let a be u*3/(-6) + 1. Suppose 0 = 4*y + i - 337, 0 = -a*y - i + 615 - 193. Is y a composite number?
True
Let z(q) = -4*q - 5. Let k(t) = -t**3 - t + 1. Let i(c) = -4*c**3 + 8*c**2 + 8*c - 9. Let p(x) = -i(x) + 3*k(x). Let y be p(9). Is z(y) a composite number?
False
Suppose 7*f = 3*f + 64. Let w = f - 20. Is (-1 - -42)*(w + 6) composite?
True
Let j(z) = 43*z + 15. Let n(h) = -86*h - 31. Let i(w) = -5*j(w) - 2*n(w). Let q be 121/(-22) - 3/(-2). Is i(q) a prime number?
False
Let u = -7 + 9. Suppose -b + u = 3*o - 2, 6 = -3*b. Is 1/o*194*1 composite?
False
Let z(h) = h**3 - 5*h**2 - 9*h + 3. Let y be z(6). Let r be y/(-45) - (-8)/3. Suppose -5*g + 965 + 3484 = o, -r*o = 2*g - 1790. Is g prime?
False
Let g be (-538)/(-8) - 2/8. Suppose -5*a - 3*l + 34 = -36, 0 = -3*l. Is 2*g*21/a a composite number?
True
Suppose 2568 = -5*c - 4*t, c - 3*t + 1530 = -2*c. Let a = c - -789. Is a composite?
False
Let m = 6 - 0. Suppose 5*a = -3*t + 14, -3*a = -m*t + 2*t - 20. Suppose 0 = -a*i - 46 + 258. Is i a composite number?
False
Let f(n) = n**2 + 3*n - 4. Let m be f(3). Let i(j) = 1. Let c(u) = -120*u + 11. Let d(x) = -c(x) + 4*i(x). Is d(m) prime?
False
Let u = -1340 + 530. Is u/(-5) + -6 + (-1)/(-1) a prime number?
True
Let t = 808 + -590. Is t composite?
True
Let n be 5*117 - (4 + -7)/3. Suppose n = 3*r - 176. Is r a prime number?
False
Let g(o) = 7459*o - 326. Is g(5) a composite number?
True
Let o(x) = -314*x + 1. Let p(q) = 627*q - 3. Let r(d) = 5*o(d) + 2*p(d). Suppose -14*n = 4 + 24. Is r(n) a prime number?
True
Let u = 299 + -18. Let t = -129 + -67. Let w = t + u. Is w composite?
True
Suppose -3570 = -5*k + 3*x - 10199, 5*x + 2633 = -2*k. Is ((-9)/(-18))/((-2)/k) composite?
False
Suppose 3*j = 5*j. Let i = 4 - j. Is (668/16)/(1/i) a prime number?
True
Let n(y) = 8*y - 56. Let s be n(7). Suppose s = -69*w + 65*w + 2492. Is w a prime number?
False
Suppose -5*q + 5 - 12 = r, 4*r + q = 10. Suppose 2*i = r*i - 739. Is i composite?
False
Suppose 6*n + 21612 = 10*n. Is n a composite number?
True
Is 12/(-8)*104/(-24)*4358 composite?
True
Let o(p) = -5*p + 81. Let y be o(18). Let w(h) = -2*h**3 - 15*h**2 - 32*h - 22. Is w(y) a composite number?
False
Suppose -2*c + 5*b + 31 = 0, 5*c = -b + 12 - 2. Let p = 1079 + -654. Suppose -p = -8*m + c*m. Is m prime?
False
Let m(j) = -108*j**3 - 91*j**2 - 15*j - 43. Is m(-7) prime?
True
Suppose -2*c + 5*c = 21. Let p be 91/26*(1 + c). Suppose -98 = -5*u - g, -2*g - g + p = u. Is u prime?
True
Let w(m) = 14*m - 7. Let b be w(4). Let c = b + -121. Let a = c + 161. Is a prime?
True
Suppose -4*z + 4329 = y, -4*y - 2*z - 1308 = -18624. Suppose -1152 = 9*a - y. Is a prime?
True
Let o = -84 - -86. Is (-3)/o*11/(132/(-35944)) composite?
False
Suppose -2*u + 0*u + 18 = 3*i, -18 = -3*i - 4*u. Suppose -i*x = -958 - 476. Is x composite?
False
Let z(g) = g + 6. Let b be z(-6). Suppose b = w - 5 + 4. Is 63 + -4 - (1 + w) a prime number?
False
Let x(y) = 2*y**3 - 3*y**2 + 6*y + 4. Let w be x(4). Let n = w - -265. Is n a composite number?
False
Suppose 2*g = 3*g - 4. Suppose -3*r + p = 2*p + 1191, -g*r - 3*p = 1583. Let x = -151 - r. Is x composite?
True
Is (-7)/(-35)*(114805 - 0) composite?
False
Let j(m) = -204*m - 37. Let w be 110/(-30) + (-2)/6. Is j(w) prime?
False
Let z = 4400 - 2898. Let r = -651 + z. Is r a composite number?
True
Let l = -5637 + 9850. Is l a composite number?
True
Let v be 176/99 + -2*(-1)/9. Suppose 4*r - 4*c - 877 - 1091 = 0, -r = v*c - 477. Is r prime?
True
Suppose 2*w + 0 - 12 = 0. Suppose b = 4*f - 35, 4*b + w - 46 = -2*f. Suppose -3*y = -y - f, -3*o + 653 = 4*y. Is o a composite number?
False
Let y be 2/(4/(180 - 0)). Let q be 7074/10 - 36/y. Let g = q - 166. Is g prime?
True
Let y be 4/((-4)/(-2))*(-1 + 2). Suppose 2926 = -2*i + 6*i - y*x, 6 = 2*x. Is i composite?
False
Let o be (121 - 1) + 51/(-17). Let s(q) = -19*q + 15. Let z be s(-9). Let b = z - o. Is b a composite number?
True
Is ((-60)/5 - -11)*-41579 composite?
False
Let q(t) = 3 - 2*t**2 + 3*t**2 + 5668*t**3 - 2*t**2 + 5*t - 6222*t**3. Is q(-2) composite?
False
Let v = 3543 - -839. Suppose 0 = 5*s - 2*b - 7297, -4*s + s + v = -5*b. Is s a prime number?
True
Let g = -1 + -8. Let i(m) be the third derivative of 2*m**5/15 - 11*m**4/24 - 2*m**3/3 + 8*m**2. Is i(g) prime?
True
Suppose 0 = -3*d + 5*q + 60889, 7*d - 7*q = 5*d + 40578. Is d a composite number?
True
Suppose 5*v + 23076 = -17*p + 21*p, 0 = -p + 5*v + 5754. Is p a prime number?
False
Let n(h) = 4*h - 19. Let s(m) = 4*m - 22. Suppose 0 = -5*u - 3*x + 51, 0*u + u - 1 = 4*x. Let b be s(u). Is n(b) a composite number?
False
Is 26667/2*14/21 a composite number?
True
Let x = -417 - -1256. Is x prime?
True
Suppose 0 = -4*s - 2*a + 7624, -3*a - 9545 = -5*s + 2*a. Is s a prime number?
True
Let y = 23414 + 3345. Is y composite?
False
Let c be 2 + -2 - (-2 + -1). Suppose 4*r + 1547 = -f - 4*f, -c*f + 408 = -r. Is (-2)/(-7) - r/21 a composite number?
False
Let w(r) = r**2 - 2*r + 1499. Let f be 17/(-51) + 1/3. Is w(f) composite?
False
Suppose 0 = -3*u + 24 - 21. Is (2 + 1/u)/(3/501) composite?
True
Let s = 5 + -20. Is (-10635)/s - 4/2 prime?
False
Suppose 2*t + 3*t - 20 = m, 30 = 3*m + 3*t